4?
447
Calculate the remainder when 2100 is divided by 109.
29
Calculate the remainder when 2576 is divided by 847.
35
Calculate the remainder when 10627 is divided by 157.
108
Calculate the remainder when 11747 is divided by 22.
21
What is the remainder when 74461 is divided by 14?
9
Calculate the remainder when 18447 is divided by 478.
283
What is the remainder when 17891 is divided by 344?
3
What is the remainder when 4528 is divided by 893?
63
What is the remainder when 754 is divided by 228?
70
What is the remainder when 50344 is divided by 242?
8
What is the remainder when 1160 is divided by 1021?
139
What is the remainder when 1774 is divided by 1558?
216
Calculate the remainder when 2956 is divided by 369.
4
What is the remainder when 135465 is divided by 11288?
9
What is the remainder when 8898 is divided by 12?
6
Calculate the remainder when 2452 is divided by 809.
25
Calculate the remainder when 74965 is divided by 3258.
31
What is the remainder when 89906 is divided by 43?
36
Calculate the remainder when 19196 is divided by 19196.
0
Calculate the remainder when 461477 is divided by 18.
11
What is the remainder when 292582 is divided by 308?
290
Calculate the remainder when 3369 is divided by 3367.
2
Calculate the remainder when 4219 is divided by 329.
271
Calculate the remainder when 17447 is divided by 28.
3
Calculate the remainder when 5537 is divided by 746.
315
Calculate the remainder when 63823 is divided by 115.
113
What is the remainder when 362295 is divided by 208?
167
What is the remainder when 3266 is divided by 383?
202
Calculate the remainder when 30129 is divided by 12.
9
Calculate the remainder when 5881 is divided by 2385.
1111
What is the remainder when 373 is divided by 362?
11
Calculate the remainder when 69473 is divided by 75.
23
Calculate the remainder when 642 is divided by 73.
58
What is the remainder when 125704 is divided by 60?
4
Calculate the remainder when 903 is divided by 431.
41
What is the remainder when 19642 is divided by 78?
64
Calculate the remainder when 47318 is divided by 684.
122
Calculate the remainder when 382964 is divided by 211.
210
Calculate the remainder when 873 is divided by 125.
123
Calculate the remainder when 167907 is divided by 386.
383
What is the remainder when 45777 is divided by 539?
501
Calculate the remainder when 2322082 is divided by 26.
22
Calculate the remainder when 964 is divided by 778.
186
Calculate the remainder when 28470 is divided by 295.
150
Calculate the remainder when 882 is divided by 179.
166
What is the remainder when 74327 is divided by 1326?
71
Calculate the remainder when 20116 is divided by 6500.
616
Calculate the remainder when 202 is divided by 10.
2
What is the remainder when 18649 is divided by 1037?
1020
What is the remainder when 1444671 is divided by 649?
646
Calculate the remainder when 109238 is divided by 96.
86
What is the remainder when 89073 is divided by 571?
568
Calculate the remainder when 391647 is divided by 70.
67
What is the remainder when 14276 is divided by 644?
108
What is the remainder when 8094 is divided by 8014?
80
What is the remainder when 9408 is divided by 8777?
631
Calculate the remainder when 34509 is divided by 17072.
365
Calculate the remainder when 218047 is divided by 49.
46
What is the remainder when 349985 is divided by 129?
8
What is the remainder when 9961 is divided by 85?
16
Calculate the remainder when 13745 is divided by 3.
2
What is the remainder when 1271 is divided by 394?
89
Calculate the remainder when 9472 is divided by 3137.
61
Calculate the remainder when 2630 is divided by 174.
20
Calculate the remainder when 384458 is divided by 128151.
5
Calculate the remainder when 179544 is divided by 89764.
16
Calculate the remainder when 44686 is divided by 109.
105
What is the remainder when 248779 is divided by 124387?
5
What is the remainder when 21804607 is divided by 833?
832
What is the remainder when 1014740 is divided by 192?
20
What is the remainder when 6767 is divided by 2900?
967
What is the remainder when 870 is divided by 290?
0
What is the remainder when 15744 is divided by 9?
3
What is the remainder when 49822 is divided by 70?
52
What is the remainder when 3194 is divided by 789?
38
Calculate the remainder when 5640 is divided by 64.
8
Calculate the remainder when 14911 is divided by 4576.
1183
Calculate the remainder when 4634781 is divided by 56.
53
Calculate the remainder when 617324 is divided by 514.
10
Calculate the remainder when 4714 is divided by 1569.
7
What is the remainder when 92533 is divided by 11565?
13
Calculate the remainder when 1975 is divided by 475.
75
Calculate the remainder when 14120 is divided by 4.
0
What is the remainder when 1844137 is divided by 319?
317
Calculate the remainder when 330520 is divided by 8.
0
What is the remainder when 735 is divided by 157?
107
What is the remainder when 4164 is divided by 610?
504
What is the remainder when 1566 is divided by 1441?
125
Calculate the remainder when 6597 is divided by 174.
159
Calculate the remainder when 12870 is divided by 4283.
21
What is the remainder when 150839 is divided by 50264?
47
What is the remainder when 10983 is divided by 144?
39
What is the remainder when 3613 is divided by 172?
1
Calculate the remainder when 6988 is divided by 232.
28
Calculate the remainder when 9258 is divided by 29.
7
What is the remainder when 154515 is divided by 78?
75
Calculate the remainder when 291210 is divided by 39.
36
Calculate the remainder when 15856 is divided by 157.
156
What is the remainder when 286449 is divided by 85?
84
What is the remainder when 5133 is divided by 36?
21
What is the remainder when 27134 is divided by 201?
200
Calculate the remainder when 621 is divided by 36.
9
Calculate the remainder when 3396 is divided by 432.
372
What is the remainder when 9019 is divided by 2225?
119
Calculate the remainder when 149638 is divided by 129.
127
What is the remainder when 7771 is divided by 352?
27
What is the remainder when 484 is divided by 184?
116
What is the remainder when 10252 is divided by 20?
12
Calculate the remainder when 989598 is divided by 588.
582
What is the remainder when 5684 is divided by 377?
29
What is the remainder when 22362 is divided by 3129?
459
What is the remainder when 9216170 is divided by 261?
260
Calculate the remainder when 15066 is divided by 24.
18
Calculate the remainder when 16286 is divided by 66.
50
What is the remainder when 1156 is divided by 757?
399
What is the remainder when 2306 is divided by 53?
27
Calculate the remainder when 50739 is divided by 20.
19
What is the remainder when 6189 is divided by 16?
13
What is the remainder when 3087494 is divided by 500?
494
Calculate the remainder when 9854 is divided by 246.
14
Calculate the remainder when 20884 is divided by 33.
28
Calculate the remainder when 32488 is divided by 190.
188
What is the remainder when 3050 is divided by 2785?
265
What is the remainder when 372072 is divided by 205?
202
Calculate the remainder when 8648 is divided by 669.
620
What is the remainder when 49641 is divided by 591?
588
What is the remainder when 68030 is divided by 463?
432
Calculate the remainder when 1651 is divided by 297.
166
Calculate the remainder when 1416 is divided by 354.
0
Calculate the remainder when 21558 is divided by 744.
726
Calculate the remainder when 1918 is divided by 278.
250
What is the remainder when 33753 is divided by 6750?
3
What is the remainder when 918 is divided by 557?
361
Calculate the remainder when 729 is divided by 702.
27
Calculate the remainder when 7802 is divided by 1551.
47
What is the remainder when 1945 is divided by 435?
205
Calculate the remainder when 16705 is divided by 246.
223
What is the remainder when 1345 is divided by 405?
130
Calculate the remainder when 37087 is divided by 181.
163
Calculate the remainder when 15680 is divided by 5164.
188
What is the remainder when 5782 is divided by 5262?
520
Calculate the remainder when 391 is divided by 27.
13
What is the remainder when 8604 is divided by 1006?
556
Calculate the remainder when 8903 is divided by 53.
52
Calculate the remainder when 6302 is divided by 65.
62
Calculate the remainder when 112332 is divided by 19.
4
Calcul